{"id":1157,"date":"2010-03-11T20:25:03","date_gmt":"2010-03-11T18:25:03","guid":{"rendered":"http:\/\/www.ades-grenoble.org\/wordpress\/?page_id=1157"},"modified":"2024-03-08T14:24:23","modified_gmt":"2024-03-08T13:24:23","slug":"lades-un-opni","status":"publish","type":"page","link":"https:\/\/www.ades-grenoble.org\/wordpress\/lades-un-opni\/","title":{"rendered":"L&rsquo;ADES : un OPNI ?"},"content":{"rendered":"<h2><strong>L&rsquo;Association pour la <span style=\"color: #ff0000;\">D\u00e9mocratie<\/span>, l\u2019<span style=\"color: #008000;\">Ecologie<\/span> et la <span style=\"color: #ff0000;\">Solidarit\u00e9<\/span> &#8211; ADES : un objet politique non identifi\u00e9 (<strong>OPNI<\/strong>) <\/strong>?<\/h2>\n<h3><strong>Un mouvement politique local, \u00e9cologiste et de gauche, en lien avec des \u00e9lus et animant le d\u00e9bat sur les dossiers importants des politiques publiques<\/strong><\/h3>\n<p>Depuis mars 2014 et la victoire du Rassemblement citoyen de la gauche et des \u00e9cologistes \u201c<a href=\"http:\/\/unevillepourtous.fr\/\" target=\"_blank\" rel=\"noopener\">Grenoble une ville pour tous<\/a>\u201d, puis de \u00ab\u00a0<a href=\"https:\/\/www.grenobleencommun.fr\/\" target=\"_blank\" rel=\"noopener\">Grenoble en commun<\/a>\u00a0\u00bb en juin 2020, l&rsquo;ADES soutient la majorit\u00e9 municipale \u00e0 Grenoble, dont de nombreux \u00e9lu-es sont adh\u00e9rent-es ou sympathisant-es de notre association.<\/p>\n<p>Entre 2008 et 2014, <a href=\"http:\/\/grenoble-ecologie-solidarite.fr\/\" target=\"_blank\" rel=\"noopener\">nos 6 \u00e9lu-e-s ont fait partie de la minorit\u00e9 \u00e0 la mairie de Grenoble<\/a>. Ils et elles ont succ\u00e8d\u00e9-es aux 11 \u00e9lus du Conseil municipal de Grenoble, et 5 repr\u00e9sentants \u00e0 la M\u00e9tro (Communaut\u00e9 de communes de l&rsquo;agglom\u00e9ration grenobloise) <a href=\"..\/..\/index.php\" target=\"_blank\" rel=\"noopener\">qui ont si\u00e9g\u00e9 de 2001 \u00e0 2008<\/a>, pr\u00e9c\u00e9d\u00e9s de <a href=\"..\/..\/ades\/index.html\" target=\"_blank\" rel=\"noopener\">11 \u00e9lus \u00e9cologistes majoritaires de 1995<\/a>, et de une, puis 2, \u00e9lu-es d&rsquo;opposition sous les 2 mandats <a href=\"http:\/\/www.ades-grenoble.org\/wordpress\/tag\/carignon\/\" target=\"_self\" rel=\"noopener\">Carignon (1983-1995).<\/a><\/p>\n<p>Depuis 1983, date o\u00f9 il y a eu des \u00e9lus \u00e9cologistes \u00e0 Grenoble, l&rsquo;ADES assure une liaison \u00e9troite entre \u00e9lus et citoyens motiv\u00e9s pour changer les politiques publiques. Le syst\u00e8me institutionnel transforme les \u00e9lus soit en notables professionnels soit en godillots si il n\u2019y a pas une liaison \u00e9troite avec un collectif militant ext\u00e9rieur. Les partis traditionnels ne sont plus des lieux de r\u00e9flexion ou d\u2019\u00e9laboration de propositions politiques mais des syndicats d\u2019\u00e9lus sortants qui entendent p\u00e9renniser leurs mandats et qui ne s\u2019occupent plus que des campagnes \u00e9lectorales. Trop souvent ce sont les \u00e9lus qui prennent le pouvoir dans les appareils politiques ou qui se construisent localement des fiefs personnels.<\/p>\n<p>L\u2019exp\u00e9rience montre qu\u2019il faut bien les trois pieds, d\u00e9mocratie, \u00e9cologie et solidarit\u00e9 pour construire une action publique qui tienne debout et sur le long terme.<\/p>\n<h3><strong>Un lieu de r\u00e9flexion et de formation citoyenne notamment sur le fonctionnement des collectivit\u00e9s et des services publics<\/strong><\/h3>\n<p>C\u2019est d\u2019abord un lieu de formation des futurs \u00e9lus qui sont arm\u00e9s pour rester autonomes, critiques et efficaces, avec une exigence importante\u00a0et indispensable\u00a0: l\u2019ind\u00e9pendance \u00e9conomique vis-\u00e0-vis de l\u2019ex\u00e9cutif d\u2019une collectivit\u00e9.<\/p>\n<p>Au fil des ann\u00e9es d\u2019exp\u00e9riences dans la majorit\u00e9 ou dans l\u2019opposition, l\u2019ADES s\u2019est forg\u00e9e une doctrine sur les r\u00e8gles que devrait suivre le processus de d\u00e9cision publique. Dans l\u2019ordre\u00a0: acc\u00e8s aux informations, analyses pluralistes, organisation de d\u00e9bats contradictoires, puis au moment de la d\u00e9cision un expos\u00e9 clair des choix politiques qui la sous-tendent et apr\u00e8s la d\u00e9cision, son contr\u00f4le et son adaptation en fonction de ses r\u00e9sultats.<\/p>\n<p>Seules la patience et la continuit\u00e9 des actions sur de longues p\u00e9riodes permettent de gagner et de changer les politiques publiques. <a href=\"http:\/\/www.ades-grenoble.org\/wordpress\/category\/eau\/\" target=\"_self\" rel=\"noopener\">La remunicipalisation de l\u2019eau de Grenoble<\/a> en a \u00e9t\u00e9 un bel exemple : lutte contre la corruption et la privatisation du service public et en utilisant tous les leviers de l\u2019action, y compris la justice, imposer au PS le retour en r\u00e9gie du service en 1999.<\/p>\n<h3><strong>Une association o\u00f9 se c\u00f4toient des cultures politiques diverses<\/strong><\/h3>\n<p>Des militants \u00e9cologistes de gauche, des adh\u00e9rents des Ecologistes, d\u2019Ensemble, de la France insoumise &#8230; Cela pr\u00e9figure et pr\u00e9pare des rassemblements larges et efficaces pour changer localement les pratiques politiques. Le travail de terrain depuis 40 ans paye avec la participation de nos \u00e9lu-es aux majorit\u00e9 grenobloise en 2014 et 2020 avec des responsabilit\u00e9s importantes<\/p>\n<p>L\u2019ADES, apr\u00e8s avoir longtemps \u00e9dit\u00e9 un petit journal trimestriel, <a href=\"http:\/\/www.ades-grenoble.org\/wordpress\/category\/le-rouge-le-vert\/\" target=\"_self\" rel=\"noopener\">\u00ab\u00a0le Rouge et le Vert\u00a0\u00bb<\/a> a depuis 2010 un hebdomadaire \u00e9lectronique qui donnera des informations qui ne se trouvent nulle part ailleurs. <strong>Pour vous abonner <a href=\"mailto:info-subscribe@ades-grenoble.org\">cliquer ici.<\/a><\/strong><\/p>\n<h3><a title=\"bulletin\" href=\"http:\/\/www.ades-grenoble.org\/wordpress\/wp-content\/uploads\/2007\/09\/Bulletin-Adhesion-ADES.pdf\">Vous pouvez adh\u00e9rer \u00e0 l&rsquo;ADES<\/a><\/h3>\n<ul>\n<li>16 EUR \/an pour les \u00e9tudiants et ch\u00f4meurs<\/li>\n<li>ou 0,3% de votre revenu annuel<\/li>\n<\/ul>\n<p>Les adh\u00e9sions courent sur les ann\u00e9es civiles, et comprennent un abonnement \u00e0 notre presse.<\/p>\n<p>Une partie de votre adh\u00e9sion est d\u00e9ductible des imp\u00f4ts.<\/p>\n<p style=\"text-align: right;\"><strong>Pour adh\u00e9rer, vous abonner \u00e0 notre presse, ou plus simplement pour participer aux groupes de travail, renvoyez-nous <a href=\"http:\/\/www.ades-grenoble.org\/wordpress\/wp-content\/uploads\/2007\/09\/Bulletin-Adhesion-ADES.pdf\" target=\"_blank\" rel=\"noopener\">le coupon accessible ici<\/a>.<\/strong><\/p>\n<p style=\"text-align: right;\"><strong>Pour recevoir nos lettres d&rsquo;informations \u00e9lectroniques <a href=\"mailto:info-subscribe@ades-grenoble.org\">cliquer ici<\/a>,<\/strong> vous recevrez un message de confirmation auquel il faudra r\u00e9pondre pour valider l&rsquo;inscription.<\/p>\n<h4><img loading=\"lazy\" decoding=\"async\" src=\"http:\/\/www.ades-grenoble.org\/ades\/images\/local.gif\" alt=\"\" width=\"103\" height=\"152\" align=\"right\" hspace=\"2\" vspace=\"2\" \/><br \/>\nADES<br \/>\n12 rue Voltaire<br \/>\n38000 Grenoble<br \/>\nT\u00e9l\u00e9phone, fax &amp; r\u00e9pondeur : 04 76 03 24 28<br \/>\nSite internet : <tt><a href=\"http:\/\/www.ades-grenoble.org\/\" target=\"_blank\" rel=\"noopener\">http:\/\/www.ades-grenoble.org<\/a><\/tt><br \/>\nCourriel : <tt><a href=\"mailto:contact@ades-grenoble.org\" target=\"_blank\" rel=\"noopener\">contact@ades-grenoble.org<\/a><\/tt><\/h4>\n","protected":false},"excerpt":{"rendered":"<p>L&rsquo;Association pour la D\u00e9mocratie, l\u2019Ecologie et la Solidarit\u00e9 &#8211; ADES : un objet politique non identifi\u00e9 (OPNI) ? Un mouvement politique local, \u00e9cologiste et de gauche, en lien avec des \u00e9lus et animant le d\u00e9bat sur les dossiers importants des politiques publiques Depuis mars 2014 et la victoire du Rassemblement citoyen de la gauche et [&hellip;]<\/p>\n","protected":false},"author":1,"featured_media":0,"parent":0,"menu_order":0,"comment_status":"open","ping_status":"open","template":"","meta":{"twitterCardType":"","cardImageID":0,"cardImage":"","cardTitle":"","cardDesc":"","cardImageAlt":"","cardPlayer":"","cardPlayerWidth":0,"cardPlayerHeight":0,"cardPlayerStream":"","cardPlayerCodec":"","footnotes":""},"class_list":["post-1157","page","type-page","status-publish","hentry"],"_links":{"self":[{"href":"https:\/\/www.ades-grenoble.org\/wordpress\/wp-json\/wp\/v2\/pages\/1157","targetHints":{"allow":["GET"]}}],"collection":[{"href":"https:\/\/www.ades-grenoble.org\/wordpress\/wp-json\/wp\/v2\/pages"}],"about":[{"href":"https:\/\/www.ades-grenoble.org\/wordpress\/wp-json\/wp\/v2\/types\/page"}],"author":[{"embeddable":true,"href":"https:\/\/www.ades-grenoble.org\/wordpress\/wp-json\/wp\/v2\/users\/1"}],"replies":[{"embeddable":true,"href":"https:\/\/www.ades-grenoble.org\/wordpress\/wp-json\/wp\/v2\/comments?post=1157"}],"version-history":[{"count":22,"href":"https:\/\/www.ades-grenoble.org\/wordpress\/wp-json\/wp\/v2\/pages\/1157\/revisions"}],"predecessor-version":[{"id":22939,"href":"https:\/\/www.ades-grenoble.org\/wordpress\/wp-json\/wp\/v2\/pages\/1157\/revisions\/22939"}],"wp:attachment":[{"href":"https:\/\/www.ades-grenoble.org\/wordpress\/wp-json\/wp\/v2\/media?parent=1157"}],"curies":[{"name":"wp","href":"https:\/\/api.w.org\/{rel}","templated":true}]}}

<h2><strong>L&rsquo;Association pour la <span style="color: #ff0000;">Démocratie</span>, l’<span style="color: #008000;">Ecologie</span> et la <span style="color: #ff0000;">Solidarité</span> &#8211; ADES : un objet politique non identifié (<strong>OPNI</strong>) </strong>?</h2>
<h3><strong>Un mouvement politique local, écologiste et de gauche, en lien avec des élus et animant le débat sur les dossiers importants des politiques publiques</strong></h3>
<p>Depuis mars 2014 et la victoire du Rassemblement citoyen de la gauche et des écologistes “<a href="http://unevillepourtous.fr/" target="_blank" rel="noopener">Grenoble une ville pour tous</a>”, puis de « <a href="https://www.grenobleencommun.fr/" target="_blank" rel="noopener">Grenoble en commun</a> » en juin 2020, l&rsquo;ADES soutient la majorité municipale à Grenoble, dont de nombreux élu-es sont adhérent-es ou sympathisant-es de notre association.</p>
<p>Entre 2008 et 2014, <a href="http://grenoble-ecologie-solidarite.fr/" target="_blank" rel="noopener">nos 6 élu-e-s ont fait partie de la minorité à la mairie de Grenoble</a>. Ils et elles ont succèdé-es aux 11 élus du Conseil municipal de Grenoble, et 5 représentants à la Métro (Communauté de communes de l&rsquo;agglomération grenobloise) <a href="../../index.php" target="_blank" rel="noopener">qui ont siégé de 2001 à 2008</a>, précédés de <a href="../../ades/index.html" target="_blank" rel="noopener">11 élus écologistes majoritaires de 1995</a>, et de une, puis 2, élu-es d&rsquo;opposition sous les 2 mandats <a href="http://www.ades-grenoble.org/wordpress/tag/carignon/" target="_self" rel="noopener">Carignon (1983-1995).</a></p>
<p>Depuis 1983, date où il y a eu des élus écologistes à Grenoble, l&rsquo;ADES assure une liaison étroite entre élus et citoyens motivés pour changer les politiques publiques. Le système institutionnel transforme les élus soit en notables professionnels soit en godillots si il n’y a pas une liaison étroite avec un collectif militant extérieur. Les partis traditionnels ne sont plus des lieux de réflexion ou d’élaboration de propositions politiques mais des syndicats d’élus sortants qui entendent pérenniser leurs mandats et qui ne s’occupent plus que des campagnes électorales. Trop souvent ce sont les élus qui prennent le pouvoir dans les appareils politiques ou qui se construisent localement des fiefs personnels.</p>
<p>L’expérience montre qu’il faut bien les trois pieds, démocratie, écologie et solidarité pour construire une action publique qui tienne debout et sur le long terme.</p>
<h3><strong>Un lieu de réflexion et de formation citoyenne notamment sur le fonctionnement des collectivités et des services publics</strong></h3>
<p>C’est d’abord un lieu de formation des futurs élus qui sont armés pour rester autonomes, critiques et efficaces, avec une exigence importante et indispensable : l’indépendance économique vis-à-vis de l’exécutif d’une collectivité.</p>
<p>Au fil des années d’expériences dans la majorité ou dans l’opposition, l’ADES s’est forgée une doctrine sur les règles que devrait suivre le processus de décision publique. Dans l’ordre : accès aux informations, analyses pluralistes, organisation de débats contradictoires, puis au moment de la décision un exposé clair des choix politiques qui la sous-tendent et après la décision, son contrôle et son adaptation en fonction de ses résultats.</p>
<p>Seules la patience et la continuité des actions sur de longues périodes permettent de gagner et de changer les politiques publiques. <a href="http://www.ades-grenoble.org/wordpress/category/eau/" target="_self" rel="noopener">La remunicipalisation de l’eau de Grenoble</a> en a été un bel exemple : lutte contre la corruption et la privatisation du service public et en utilisant tous les leviers de l’action, y compris la justice, imposer au PS le retour en régie du service en 1999.</p>
<h3><strong>Une association où se côtoient des cultures politiques diverses</strong></h3>
<p>Des militants écologistes de gauche, des adhérents des Ecologistes, d’Ensemble, de la France insoumise &#8230; Cela préfigure et prépare des rassemblements larges et efficaces pour changer localement les pratiques politiques. Le travail de terrain depuis 40 ans paye avec la participation de nos élu-es aux majorité grenobloise en 2014 et 2020 avec des responsabilités importantes</p>
<p>L’ADES, après avoir longtemps édité un petit journal trimestriel, <a href="http://www.ades-grenoble.org/wordpress/category/le-rouge-le-vert/" target="_self" rel="noopener">« le Rouge et le Vert »</a> a depuis 2010 un hebdomadaire électronique qui donnera des informations qui ne se trouvent nulle part ailleurs. <strong>Pour vous abonner <a href="mailto:info-subscribe@ades-grenoble.org">cliquer ici.</a></strong></p>
<h3><a title="bulletin" href="http://www.ades-grenoble.org/wordpress/wp-content/uploads/2007/09/Bulletin-Adhesion-ADES.pdf">Vous pouvez adhérer à l&rsquo;ADES</a></h3>
<ul>
<li>16 EUR /an pour les étudiants et chômeurs</li>
<li>ou 0,3% de votre revenu annuel</li>
</ul>
<p>Les adhésions courent sur les années civiles, et comprennent un abonnement à notre presse.</p>
<p>Une partie de votre adhésion est déductible des impôts.</p>
<p style="text-align: right;"><strong>Pour adhérer, vous abonner à notre presse, ou plus simplement pour participer aux groupes de travail, renvoyez-nous <a href="http://www.ades-grenoble.org/wordpress/wp-content/uploads/2007/09/Bulletin-Adhesion-ADES.pdf" target="_blank" rel="noopener">le coupon accessible ici</a>.</strong></p>
<p style="text-align: right;"><strong>Pour recevoir nos lettres d&rsquo;informations électroniques <a href="mailto:info-subscribe@ades-grenoble.org">cliquer ici</a>,</strong> vous recevrez un message de confirmation auquel il faudra répondre pour valider l&rsquo;inscription.</p>
<h4><img loading="lazy" decoding="async" src="http://www.ades-grenoble.org/ades/images/local.gif" alt="" width="103" height="152" align="right" hspace="2" vspace="2" /><br />
ADES<br />
12 rue Voltaire<br />
38000 Grenoble<br />
Téléphone, fax &amp; répondeur : 04 76 03 24 28<br />
Site internet : <tt><a href="http://www.ades-grenoble.org/" target="_blank" rel="noopener">http://www.ades-grenoble.org</a></tt><br />
Courriel : <tt><a href="mailto:contact@ades-grenoble.org" target="_blank" rel="noopener">contact@ades-grenoble.org</a></tt></h4>

<p>L&rsquo;Association pour la Démocratie, l’Ecologie et la Solidarité &#8211; ADES : un objet politique non identifié (OPNI) ? Un mouvement politique local, écologiste et de gauche, en lien avec des élus et animant le débat sur les dossiers importants des politiques publiques Depuis mars 2014 et la victoire du Rassemblement citoyen de la gauche et [&hellip;]</p>
