{"id":27,"date":"2007-09-09T17:14:48","date_gmt":"2007-09-09T15:14:48","guid":{"rendered":"http:\/\/www.ades-grenoble.org\/wordpress\/?page_id=27"},"modified":"2024-10-26T19:07:37","modified_gmt":"2024-10-26T17:07:37","slug":"adherer","status":"publish","type":"page","link":"https:\/\/www.ades-grenoble.org\/wordpress\/adherer\/","title":{"rendered":"S&rsquo;abonner"},"content":{"rendered":"<p style=\"text-align: justify;\">Vous pouvez :<\/p>\n<ul style=\"text-align: justify;\">\n<li>nous apporter une aide financi\u00e8re sous forme d\u2019un abonnement de soutien \u00e0 notre lettreInfo \u00e9lectronique &#8211; ch\u00e8que \u00e0 l\u2019ordre de AFADES<\/li>\n<li>vous recevrez en d\u00e9but d&rsquo;ann\u00e9e suivante un re\u00e7u fiscal permettant de d\u00e9duire des imp\u00f4ts sur le revenu 66 % du versement.<\/li>\n<li>recevoir la lettreInfo \u00e9lectronique : <a href=\"mailto:info-subscribe@ades-grenoble.org\">cliquer ici<\/a>,<\/li>\n<li>vous inscrire \u00e0 nos formations pour \u00eatre tenu-e au courant de nos sessions<\/li>\n<li>prendre contact par courriel pour tout renseignement sur l&rsquo;ADES : <a href=\"mailto:contact@ades-grenoble.org\">cliquer ici<\/a><\/li>\n<\/ul>\n<p style=\"text-align: justify;\"><a href=\"http:\/\/www.ades-grenoble.org\/wordpress\/wp-content\/uploads\/2007\/09\/Bulletin-Adhesion-ADES.pdf\" target=\"_blank\" rel=\"noopener\">T\u00e9l\u00e9charger le bulletin<\/a><\/p>\n<hr \/>\n<p style=\"text-align: justify;\"><strong>Pr\u00e9cisions sur les dons de soutien et les adh\u00e9sions \u00e0 l\u2019ADES<\/strong><\/p>\n<p style=\"text-align: justify;\">(Articles 11-4 et 11-5 de la loi n\u00b0 88-227 du 11 mars 1988, modifi\u00e9e)<br \/>\nL\u2019ADES a une association de financement : AFADES qui a re\u00e7u l\u2019agr\u00e9ment le 21 juin 1996 (n\u00b0 96508), d\u00e9pos\u00e9e en pr\u00e9fecture le 29 janvier 1996.<br \/>\nLes dons et les adh\u00e9sions de personnes physiques doivent \u00eatre vers\u00e9s \u00e0 l\u2019ordre de AFADES.<br \/>\nTout don de plus de 150 euros doit \u00eatre vers\u00e9, soit par ch\u00e8que, soit par virement ou pr\u00e9l\u00e8vement automatique.<br \/>\nLes personnes morales n\u2019ont pas le droit de faire des dons<br \/>\nL\u2019ADES d\u00e9livre chaque ann\u00e9e un re\u00e7u fiscal du montant du don effectu\u00e9 l\u2019ann\u00e9e pr\u00e9c\u00e9dente qui permet une d\u00e9duction sur l\u2019imp\u00f4t sur le revenu de 66 % du montant du don. Le re\u00e7u fiscal comporte le nom du mouvement politique qui a re\u00e7u le don.<\/p>\n<p style=\"text-align: justify;\"><strong>La loi pr\u00e9cise\u00a0:<\/strong><br \/>\n\u00ab <em>Les dons consentis et les cotisations vers\u00e9es en qualit\u00e9 d&rsquo;adh\u00e9rent d&rsquo;un ou de plusieurs partis politiques par une personne physique d\u00fbment identifi\u00e9e \u00e0 une ou plusieurs associations agr\u00e9\u00e9es en qualit\u00e9 d&rsquo;association de financement ou \u00e0 un ou plusieurs mandataires financiers d&rsquo;un ou de plusieurs partis politiques ne peuvent annuellement exc\u00e9der 7\u00a0500 euros\u2026<\/em><\/p>\n<p style=\"text-align: justify;\"><em>Les personnes morales \u00e0 l&rsquo;exception des partis ou groupements politiques ne peuvent contribuer au financement des partis ou groupements politiques, ni en consentant des dons, sous quelque forme que ce soit, \u00e0 leurs associations de financement ou \u00e0 leurs mandataires financiers, ni en leur fournissant des biens, services ou autres avantages directs ou indirects \u00e0 des prix inf\u00e9rieurs \u00e0 ceux qui sont habituellement pratiqu\u00e9s\u2026<\/em><\/p>\n<p style=\"text-align: justify;\"><em>Ceux qui ont vers\u00e9 des dons \u00e0 un ou plusieurs partis politiques en violation des dispositions pr\u00e9c\u00e9dentes sont punis d&rsquo;une amende de 3 750 euros et d&rsquo;un an d&#8217;emprisonnement<\/em> \u00bb.<\/p>\n","protected":false},"excerpt":{"rendered":"<p>Vous pouvez : nous apporter une aide financi\u00e8re sous forme d\u2019un abonnement de soutien \u00e0 notre lettreInfo \u00e9lectronique &#8211; ch\u00e8que \u00e0 l\u2019ordre de AFADES vous recevrez en d\u00e9but d&rsquo;ann\u00e9e suivante un re\u00e7u fiscal permettant de d\u00e9duire des imp\u00f4ts sur le revenu 66 % du versement. recevoir la lettreInfo \u00e9lectronique : cliquer ici, vous inscrire \u00e0 [&hellip;]<\/p>\n","protected":false},"author":1,"featured_media":0,"parent":0,"menu_order":0,"comment_status":"closed","ping_status":"open","template":"","meta":{"twitterCardType":"","cardImageID":0,"cardImage":"","cardTitle":"","cardDesc":"","cardImageAlt":"","cardPlayer":"","cardPlayerWidth":0,"cardPlayerHeight":0,"cardPlayerStream":"","cardPlayerCodec":"","footnotes":""},"class_list":["post-27","page","type-page","status-publish","hentry"],"_links":{"self":[{"href":"https:\/\/www.ades-grenoble.org\/wordpress\/wp-json\/wp\/v2\/pages\/27","targetHints":{"allow":["GET"]}}],"collection":[{"href":"https:\/\/www.ades-grenoble.org\/wordpress\/wp-json\/wp\/v2\/pages"}],"about":[{"href":"https:\/\/www.ades-grenoble.org\/wordpress\/wp-json\/wp\/v2\/types\/page"}],"author":[{"embeddable":true,"href":"https:\/\/www.ades-grenoble.org\/wordpress\/wp-json\/wp\/v2\/users\/1"}],"replies":[{"embeddable":true,"href":"https:\/\/www.ades-grenoble.org\/wordpress\/wp-json\/wp\/v2\/comments?post=27"}],"version-history":[{"count":17,"href":"https:\/\/www.ades-grenoble.org\/wordpress\/wp-json\/wp\/v2\/pages\/27\/revisions"}],"predecessor-version":[{"id":23817,"href":"https:\/\/www.ades-grenoble.org\/wordpress\/wp-json\/wp\/v2\/pages\/27\/revisions\/23817"}],"wp:attachment":[{"href":"https:\/\/www.ades-grenoble.org\/wordpress\/wp-json\/wp\/v2\/media?parent=27"}],"curies":[{"name":"wp","href":"https:\/\/api.w.org\/{rel}","templated":true}]}}